)
58
127 + -124 + 1 + 0 + 0 + 17
21
Calculate -73 - (-19 - (12 + -16) - -13).
-71
Calculate (5 - 14) + -3 + 176 + -214.
-50
What is -13 + (29 - -2 - 11) - (-2 - (0 - 24))?
-15
Calculate -75 + (-52 - -105) + -89.
-111
(-3 - (2 + -10 - (-5 + (-7 - -1)))) + 8
2
What is the value of (714 - 833) + (203 - 0)?
84
What is the value of -303 + 352 - (16 - -46)?
-13
Calculate -13 + 0 - -1 - (25 - (33 + -7) - -102).
-113
Calculate 123 + 32 + -1 + 187 + -223.
118
What is 17 - -18 - (2 - 6 - -1) - 13?
25
What is -20 + 15 - (-13 - (17 - 21))?
4
What is the value of (-2 + 1 + 25 - 24 - (-2 + 1)) + 16?
17
What is the value of 82 + -169 + 33 + 45?
-9
1 + 9 + (-32 - (-11 + -10)) + 15
14
What is the value of (0 - -49) + 24 + 59 + -103?
29
-19 + 1 + 86 + -44
24
What is the value of 1 - -53 - (-1044 - -1073)?
25
What is the value of (32 - (6 + 86 + 19)) + (6 - 10)?
-83
What is -79 - (-10 - (158 + -173 + (-8 - 0)))?
-92
Evaluate 45 + -32 + -16 + 13.
10
32 + -14 - (-13 - -97)
-66
What is the value of 16 + -7 - (81 - 6) - (-47 - -68)?
-87
Calculate 9 + -4 + -5 - (51 - (2 + (-4 - -2))).
-51
What is -67 + 38 + 21 + -13?
-21
Calculate 15 + -11 + -37 + 54.
21
What is the value of -1 + 71 - (260 + -177)?
-13
12 + -51 + -22 - -25
-36
What is the value of -57 + (-11 - ((7 - 26 - (9 - 20)) + 9))?
-69
Evaluate 1 - -7 - (194 + -155).
-31
What is -16 + 40 - 16 - (11 + 3)?
-6
What is 10 + (-23 - (-72 + 78 + (-12 - -1)))?
-8
(-20 - -14 - -46) + 0
40
Calculate -2 + (-2 + 0 - -14) + (-210 - -125) + 76.
1
What is the value of (-30 - -33) + -2 + 10 + -85 + 0?
-74
(8 - (-27 + 11 - -21)) + -37
-34
Calculate (11 - (-9 + 16)) + 13 + 41 + 11 + 10.
79
What is (48 + 44 - 28) + -63?
1
Calculate (-28 - 0) + (-427 - -456).
1
76 + -98 + (39 - 15 - 7)
-5
(-1 - (9 + -7)) + -3 + (-26 - -6) + -61
-87
What is (-3 + 5 - -1) + -49 + -11 + 4?
-53
Calculate 1 + 138 + -11993 + 11905.
51
What is the value of -16 + -8 + 13 + 0 + -86 - -6?
-91
-8 + -109 + 8 - (103 - 107) - -11
-94
13 + (20 - (19 + (-2 - 2)))
18
What is -5 + -10 + 34 + 14 + -18 + 11?
26
Calculate 14 - (-8 + (21 - 14) - 4 - 44).
63
What is (-10 - 1) + (17 - 33 - -33 - 65)?
-59
What is the value of 0 + -8 + -28 + 68 + -31 + (15 - 6)?
10
Evaluate 4 - (-32 + 29 - (-41 + (-11 - -4))).
-41
187 + -228 - (-2 - (-1 + 1))
-39
Calculate (-47 + 43 - 33) + -9 + -45.
-91
What is 99 + -24 + -42 + (48 - -20)?
101
Calculate 5 + (3 - 5) + (-8 + -9 - -6) + 19.
11
2 - (-37 - (-54 + 89))
74
Calculate 534 + -45 + -394 - (3 + -2 + -2 + -2).
98
Evaluate (65 - 68) + -9 + (4 - 4) + 57.
45
Evaluate (0 - 33) + (-25 - (-14 + -9)).
-35
Evaluate 17 + 0 + (65 - (-39 - (9 + -13))).
117
What is (15 - -21 - 126) + 146?
56
What is the value of -7 + (-4 - -7) - (35 - 39)?
0
What is the value of (-1 + 2 - 7) + (-7 - (-3 + 50 - 8))?
-52
Evaluate (131 - 86) + 64 + -219.
-110
Evaluate (-28 + 192 - 82) + -33.
49
4 - (34 + 15 + -54)
9
Evaluate 7 + -5 + 0 + 3 + (1 - (5 + 5)).
-4
What is the value of (-35 - (-6 - -9)) + 248 + -228 - 16?
-34
Calculate 227 + -66 - 130 - (-1 - -48).
-16
Evaluate (1044 - 1026) + 43 + 8 + -4.
65
What is the value of (21 - 48 - -28) + -103 + -18?
-120
Evaluate -8 + (0 - 17 - -2) + -3 + 92.
66
Evaluate -6 + -48 + 53 + (28 - (-3 + 2)).
28
What is -17 - (-36 - (-63 - -26))?
-18
Calculate 416 + -426 - (-3 + 6 + 5) - 51.
-69
Calculate 49 - ((-78 - -117) + -40).
50
-10 + 135 - (-33 - -86)
72
Evaluate 0 + -27 + (-1198 - -1196) + 93.
64
What is the value of 6 - (19 + -8 - -1) - 7 - -19?
6
Calculate 3 + -5 - (-74 - -39) - (-1 + 8 + -7).
33
Evaluate -4 + 3 + (4 + -37 - 22) + 18.
-38
Calculate 33 + 19 + -4 + -24.
24
What is -79 + 154 + -47 + -109?
-81
What is 1 + -3 - ((-7655 - -7618) + (0 - -26))?
9
Evaluate (-7 - ((35 - 2) + 5)) + -53 + 38.
-60
Evaluate 10 + -7 + 3 + -19 - 31.
-44
Evaluate -46 - (-6 + 22 - 9) - (-49 - -66).
-70
What is the value of 8 - 0 - (-52 + (-19 - -131) + (4 - 1))?
-55
(-4 - (-31 + 16 - -6)) + -64
-59
What is the value of 17 + (-22 - (-10 + 26)) + 53?
32
Calculate -231 + 297 - ((1 - 2) + 26).
41
Evaluate -6 - (3 + 3 + 7 + -117 + 49).
49
Evaluate (24 - 4) + 0 + -13 - 50.
-43
(3 + 11 - 8) + 9 + 11 - -3
29
Calculate -9 - (23 + -20 + 3 - (-1 - -50)).
34
What is the value of 38 + -14 - 3 - -47 - (7 + -10)?
71
What is the value of 2 + (-85 - -112) + (-10 - (3 + -4)) + 5?
25
What is (75 - 56) + -166 + 66?
-81
What is 14 + 70 - 41 - ((-4 - -21) + -2)?
28
Calculate -3 - (-7 - (-1 + -3)) - -1 - -33.
34
What is the value of 48 - (8 - 31 - -4) - -8?
75
14 + -46 + 15 + 21 - (2 - 3) - 54
-49
What is (80 - 34) + -33 - (36 + -15)?
-8
What is 134 - (-5 + 3 - 9 - (-23 + -5))?
117
Evaluate -49 + -5 - -86 - 62.
-30
Calculate -2 + 30 - (-67 + 24 + 41).
30
39 + (-33 - 9) + (-12 - -8) + -119 + -1
-127
Evaluate (9 + 2 - 0) + -51 + (2 - -61) + -58.
-35
What is -3 + -56 - (-231 - -193)?
-21
What is 29 - (-18 - (30 + -40 - -12))?
49
What is 23 - 3 - (26 - (15 - 7))?
2
-669 + 644 + (6 - -4) + -4 + 2
-17
What is 24 - (43 - -4) - (18 + -38)?
-3
48 + 0 - (-17 + 58 - 35)
42
(-4 - -10) + (-58 + 8 - -7) - (-6 + 5)
-36
What is (-1 - -40) + (1 - (23 - 23) - (-1 - -8))?
33
Evaluate -6 + (2 - (6 + -9) - 2) + 104 + -80.
21
(2 - ((-12 - -38) + -8) - -22) + 38 + 1
45
Calculate -528 - -478 - (2 - 13).
-39
Evaluate 8 - 16 - (9 - (6 + (-5 - -5) - -11)).
0
Calculate (41 - 34) + (58 - 74).
-9
-330 + 283 - (-4 + 6)
-49
What is the value of -30 + (1 + -23 - (291 - 295) - -25)?
-23
What is the value of 112 + -103 + (0 - -8) + 16 + -7 + -14?
12
Calculate -2 + -2 + (-48 - -5 - -9 - -5).
-33
Calculate -1 + -9 + 0 + (377 - 360) - (-1 + -59).
67
What is the value of -5 - ((-8 + 32 - 29) + (3 - (-3 + -2)))?
-8
Calculate -2278 - -2280 - (2 + (-1 + 5 - 6) + -37).
39
Calculate 16 + -3 + (0 + 11 - (-166 + 156)).
34
Calculate (-20 - -16) + -36 + 11.
-29
-8 + -2 + 7 - (9 + 2 + -9 - 11)
6
What is 9 - 2 - (-43 + (-6 - (2 - (32 - 6))))?
32
Evaluate 19 - 9 - (20 + -16 + 7 - (108 + 2)).
109
Evaluate (0 - (-47 + 111)) + 56.
-8
Calculate -99 - (-47 - (-24 + 38)).
-38
What is the value of 22 + -10 + 86 + -46 + -75?
-23
39 + (71 - 142) - -62
30
What is -1803 - -1734 - (-80 + 4)?
7
What is the value of -117 - (-55 - (95 + -165))?
-132
Evaluate -53 - (32 - (7 + 74)).
-4
What is the value of (20 - (-20 + 36)) + (-17 - (-2 - -11))?
-22
Evaluate 26 + 9 - (-9 + (-3 - (-1 - 3 - 17))).
26
What is the value of -25 + (-3 - -82) + (-411 - -395)?
38
Evaluate (18 + -4 - (-15 + 11)) + 57 - -9.
84
What is the value of 0 - (12 + (-1 - (-1 + -5) - (-1493 + 1509)))?
-1
7 - (4 - -10 - (12 + (-1 - (2 + -2))))
4
What is the value of -3 + 16 - ((-4 - 30) + -7 - (110 - 119))?
45
What is the value of -79 + 96 + -64 + 6 + -1?
-42
Evaluate (-2 - -52) + (-362 - -325) - -21.
34
Evaluate (-36 - -33) + 6 + (-10 - 2).
-9
What is the value of 13 - (133 + -21) - -30 - -44?
-25
68 + -61 - -13 - (78 - -4)
-62
Calculate -64 + (-25 - -46) + (-68 - -31).
-80
What is the value of -38 + (-23 - (-60 + 18))?
-19
What is 1070 - 1137 - (-22 + -1)?
-44
Evaluate -61 + (0 - -50) - -35.
24
Calculate -4 - -9 - 57 - (-11 - (-37 + 35)).
-43
Evaluate -1 - (10 - 8) - 6 - -39.
30
Evaluate 3 + (-2 + 4 - (2 - 0)) + 2083 + -2172.
-86
-53 + (3 - 0) + (209 - 196)
-37
What is -8 - (9 - (9 - -2)) - (-1 + -30)?
25
Calculate -3 + 3 + (7 - 0) - (2584 - 2513).
-64
What is -22 + (18 - 10 - ((3 - -4) + 1) - -1)?
-21
59 + -2 - (401 - 349) - (0 - (-1 + 2))
6
Calculate (-61 - -31 - -45) + -2 + -26 - 52.
-65
Calculate -91 + 240 + -137 - (23 - -1).
-12
7 - -20 - (81 - 58) - (0 + -27)
31
Evaluate 14 + (0 - -1 - (61 + -49) - 43 - -2).
-38
What is 6 - (0 + -1 - (-18 + 85 - 4))?
70
What is the value of -12 + 6 + (-24 - -18) + 12 + 26?
26
What is 34 + (13 - (26 - -15))?
6
What is the value of 5 + 31 - (29 + -10)?
17
(-8 - 47) + -2 + -9 + (-3 + -4 - -28)
-45
What is the value of (-7 - -26) + -31 + 26 - (-2 + -35)?
51
(0 - -14) + (-129 - -51) - (23 - 20)
-67
Calculate 155 + (77 - 38 - 104).
90
Evaluate -46 + (68 + -49 - 21).
-48
What is -2 + -50 - -4 - (-1 + -5 + 19 + -25)?
-36
Calculate (23 - 7) + -559 + 544.
1
Calculate (-10 - (-99 - -44)) + 15 + -1.
59
What is the value of -52 - (-148 + 59) - 13?
24
What is 26 + (-51 - -26) + (-7 + 13 - (7 - 1))?
1
-50 + 84 + -26 - (4 + 66 + -3)
-59
What is 45 - (-97 - (-245 + 110))?
7
Calculate -11 + (-37 - (11 + 1 + -17 + 3)).
-46
Calculate -21 - (